digit of v?
4
Let y be (24/54*-3)/((-4)/2802). Suppose 6*p - 776 = y. What is the hundreds digit of p?
2
What is the hundreds digit of ((-40172)/154 - 28)/((-1)/77)?
2
Suppose -5*w + 26*w - 19456 - 5891 = 0. What is the units digit of w?
7
Suppose -4*i + 2*u + 2008 = 0, 4*u = -i - 0*u + 511. Let r = 860 - i. What is the tens digit of r?
5
Let r = 444 + -450. Suppose 0 = -3*k + 38 + 25. Let l = r + k. What is the tens digit of l?
1
Let d = 85 - -34. Suppose 0 = 5*m + t - 1434, -m + d + 179 = 3*t. What is the units digit of m?
6
Let g be 0/(3/(-2 + 1)). Suppose -y - 4*z + 262 = -329, -3*y + 2*z + 1801 = g. What is the hundreds digit of y?
5
Let q(h) = 1875*h**2 - 9*h + 2. Let o be q(1). Suppose -2*s + a + o = 0, -2*s - a = -1645 - 219. What is the hundreds digit of s?
9
Let c be 1*(-3 + -2) + 2 + -139. Let p = 458 - c. What is the units digit of p?
0
Let r = -166 + 134. Let p = r + 36. Suppose 7*u - p*u = 402. What is the units digit of u?
4
Suppose -111*c = -110*c - 3. Suppose -n + c*t = t + 2, 2*n - 12 = -4*t. Suppose 3*j + n*l - 23 = 0, -l = j + 3*l - 21. What is the units digit of j?
5
Let a = 3821 + -2362. What is the units digit of a?
9
Suppose -7*p + 10*p = -6. Let c be 5*(0 - p)/2. Suppose 0 = c*m - a - 51, -3*m = 2*a - 21 - 20. What is the tens digit of m?
1
What is the hundreds digit of 0 + 3 - -3*(-21 + 900)?
6
Let q(b) = 6*b**3 - b**2 + 8*b + 10. Let s be q(-5). Let k = -426 - s. What is the units digit of k?
9
What is the tens digit of (-107 - 142819)*(-1)/6*2?
4
Let w(l) = -13*l**2 + 4*l - 3. Let a be w(2). Let b = 57 + a. What is the tens digit of (b/2)/(-6*4/(-384))?
8
Let g = 16886 + -8276. What is the tens digit of g?
1
Let r = -42 + 112. Suppose 15 = r*t - 69*t. What is the tens digit of t?
1
Suppose 19*a + 8*a - 108 = 0. Suppose a*q + 2351 = 5*c, -c + 0*c - 2*q = -459. What is the units digit of c?
7
Let d = -66 - -69. Suppose d*w - 7*w + 456 = 0. What is the hundreds digit of w?
1
Let n(t) = 899*t**2 + 8*t - 21. What is the ten thousands digit of n(-6)?
3
Suppose 25*z - 6531 = 22*z. What is the hundreds digit of z/14 - 5/(-2)?
1
Let d(y) = -131*y**3 - 48*y**2 - 177*y - 6. What is the thousands digit of d(-4)?
8
Suppose y + 8 = g, -2*g + 0*g + 6 = 0. Let z be 2/y + (-13)/(130/(-4044)). What is the hundreds digit of (-6)/4*z/(-6)?
1
Let y = -8274 + 14261. What is the tens digit of y?
8
Suppose 117*l - 515433 = 624381. What is the hundreds digit of l?
7
Suppose -199*a - 193095 + 663022 = -257816. What is the units digit of a?
7
Let k be (-6)/8*(9 + -5). Let w(x) = 13*x**2 + 11*x - 3. What is the tens digit of w(k)?
8
Let q be -6 + (-4)/(-10) + 21/35. Let t be 7*((-40)/14)/q. Let y(w) = 5*w**2 - 14*w + 2. What is the units digit of y(t)?
6
Suppose 5*l - 6 = 4. Let n be -4*l/(-20)*1245 - -4. Suppose 3*c = -5*r + n, -190 = -3*c + 2*r + 319. What is the hundreds digit of c?
1
Let t(f) = -f**3 + 8. Let u be t(0). Suppose -u*r - 63 = -1695. Suppose -n + r = 4*w, -2*w + w + 64 = -3*n. What is the tens digit of w?
5
Suppose -3*g = -35 - 7. Suppose -v = -g - 1. Let q(w) = w**3 - 15*w**2 - w + 17. What is the units digit of q(v)?
2
Let t(z) = 484*z - 4. Let u be t(1). Suppose 0 = -r + 6*r - u. Suppose -r = -39*v + 37*v. What is the units digit of v?
8
Let v(l) = -52*l**2 - 40*l - 287. Let d be v(-6). Let h = d + 2998. What is the tens digit of h?
7
Let u be (-4 + -13)*395/(-5). Let f = 1933 - u. What is the units digit of f?
0
Let k(v) = 80*v + 23. Let y be k(6). Let d = -246 + y. Suppose -3*f + 2*h + d = 0, 6*f - h = 3*f + 259. What is the tens digit of f?
8
Suppose -4*k - 483*h - 106 = -480*h, -h - 52 = 2*k. Suppose -5*y - 146 - 494 = 4*c, 0 = -c - 5. What is the hundreds digit of (y + -1)*30/k?
1
Let b(f) = -5*f - 8. Let v(n) = -190 + 89 + 93 - 6*n. Let r(c) = 5*b(c) - 4*v(c). What is the units digit of r(-12)?
4
Let q = 29 + -38. Let m(w) = -w**2 + w + 46. Let y be m(q). Let d = 232 + y. What is the tens digit of d?
8
Suppose a - 26 = -11. Let j be (1/1)/(3/288). Let y = j - a. What is the units digit of y?
1
Let q(m) = -2*m - 13. Let g be q(-3). What is the hundreds digit of (36/g)/((-30)/3675)?
6
Let s(a) = 9*a**2 + 37*a - 39. Let x be s(20). Suppose -18*h + 11051 = x. What is the units digit of h?
5
Let q(p) be the second derivative of -3*p**5/20 + p**4/12 - p**2 - 21*p. Let z be q(1). What is the tens digit of z/7 - (1998/(-42) + 3)?
4
Let b(i) = i**2 - 4*i. Let l be b(2). Let c be (-1 + 17)/l + 320. Let a = 535 - c. What is the units digit of a?
9
Let l be 18/36*(117 + -1). Suppose -5*j = -l - 162. Let z = j - 8. What is the units digit of z?
6
Suppose -m + 5*j + 6261 = 0, -93*j + 6251 = m - 88*j. What is the hundreds digit of m?
2
Let a(u) = 66*u**3 - 2*u**2 + u. Let x be a(1). Let n = x + 442. What is the units digit of n?
7
Let a(b) be the third derivative of b**6/60 - b**5/4 - b**4/24 + 2*b**2 + 160*b + 7. Suppose 5*v - 30 = 10. What is the tens digit of a(v)?
5
Let t = 52 - 38. Suppose -3*m = -8 + t. What is the tens digit of (20 + 21)/(m/(-6))?
2
Let k = -1467 + 4096. What is the units digit of k?
9
Let j = 68 - 64. What is the tens digit of 2774/5 - (4/(-5))/j?
5
Let w(y) = 2638*y + 1822. What is the thousands digit of w(5)?
5
Suppose -41*m + 364880 = -247373. What is the tens digit of m?
3
Let z be 732/(-14) + (-10)/(-35). Let n be z/14 + 2 - (-2)/(-7). What is the tens digit of (n/(-10) - (-56)/120)*159?
0
Suppose 16*j - 21*j = -105. Let u = 119 - j. Suppose 6 = -2*w + 4*x + 100, -u = -2*w + 3*x. What is the units digit of w?
5
Let j = -8891 - -23893. What is the units digit of j?
2
Let g be -1 + 12 - 4*4/(-8). Let w(m) = 24*m + 64. What is the units digit of w(g)?
6
Let x(r) = 2*r - 18. Let a be x(10). Let s be 5 - (1 - -3)/a. Suppose s*c + 0*q - 181 = 2*q, 0 = -3*c + 5*q + 187. What is the tens digit of c?
5
Suppose 0 = 43*n - 110239 - 74145. What is the thousands digit of n?
4
Let q be (1/1)/(28/12 + -2). Suppose -2 = c, -4*j - 4*c = j + 8. Suppose 4*h + q*v - 292 = j, -v = -0*h - 3*h + 206. What is the units digit of h?
0
Suppose 0 = -f + 4, f + 3*f = 5*w - 2579. Let j = -225 + w. What is the units digit of j?
4
What is the thousands digit of 12 + (-1154584 - 8)/(-24)?
8
Let d be 2 + (3 - 1) - (2 + -3). Suppose 0*w - d*w - 198 = -4*z, 3*z - 150 = 3*w. What is the tens digit of z?
5
Suppose -69*c + 5*v = -68*c - 5712, 5*v = 35. What is the thousands digit of c?
5
Suppose 0 = -23*z + 24*z - 1, s = z + 14020. What is the hundreds digit of s?
0
Let u(s) = -35*s**3 - s**2 - 18*s - 34. What is the thousands digit of u(-6)?
7
Let r = 1631 + 11465. What is the units digit of r?
6
Let p = 9092 + -5865. What is the tens digit of p?
2
Suppose 2*a - 7 = 29. Let x(l) = -a*l + 1 - 18 - 5. What is the tens digit of x(-5)?
6
Let c be 2/((2/(-824))/(3/2)). Let d be (-8*(-4)/12)/(8/c). What is the units digit of (-4)/(-18) - 3*d/27?
6
Let a(o) = -7*o**3 - 3*o**2 - 30*o - 77. What is the tens digit of a(-10)?
2
Let f(n) = -2060*n + 3338. What is the hundreds digit of f(-34)?
3
Let i(v) = 44*v - 69. Let t be i(-5). Let o = t + 723. What is the tens digit of o?
3
Let k(h) = -3*h**2 + 9*h + 8. Let u be k(4). What is the units digit of (-1032)/(-14) - -2*u/(-28)?
4
Let t(y) be the first derivative of -2*y**3/3 - 15*y**2/2 - 13*y - 19. Let s be t(-12). Let b = s - -305. What is the tens digit of b?
8
Suppose -p + 3*a - 109 = -14, 0 = -a + 5. What is the hundreds digit of (0 + p)*(684/(-48) - -11)?
2
What is the units digit of (48/(-8) - -13)/((-8)/(-56656))?
4
Let p(n) = 167*n**3 - 3*n**2 - 7*n + 15. What is the tens digit of p(5)?
8
Let u = -132 + 124. Let g(s) = 6*s**2 - 7*s + 22. What is the units digit of g(u)?
2
Let f(h) = -191*h - 1201. What is the thousands digit of f(-30)?
4
Suppose 0 = -1365*j + 1317*j + 2353104. What is the thousands digit of j?
9
Let m = -166 - -171. Suppose -3*o - z + 3345 = 0, 7*o - 5*o - m*z - 2213 = 0. What is the units digit of o?
4
Suppose -5 = 5*s, -n - 3*n - 5*s = -883. Suppose -g + 142 = -d - n, -4*g + 3*d + 1460 = 0. What is the hundreds digit of g?
3
Suppose f - 136474 = -3*h, -5*h - 213*f = -214*f - 227438. What is the hundreds digit of h?
4
Suppose 60782 + 26674 = 16*b. What is the thousands digit of b?
5
Suppose -2*j + 16384 = 2*t, 4*j - 1204 = 10*t + 31578. What is the thousands digit of j?
8